53
Let h(i) = -199*i**2 - 3*i - 1. What is h(-1)?
-197
Let m(z) = 287*z - 24019. Calculate m(84).
89
Let v(a) = -17*a + 739. Determine v(45).
-26
Let u(x) = -121*x - 2518. Give u(-21).
23
Let v(a) = -16*a - 209. Calculate v(-30).
271
Let p(s) = -s**3 + 4*s**2 + 74*s - 7. Calculate p(0).
-7
Let i(w) = -149*w - 4454. What is i(-30)?
16
Let p(d) = -1278*d + 15333. Calculate p(12).
-3
Let d(c) = 62*c**2 + 4408*c + 428. What is d(-71)?
2
Let j(p) = -p**2 + 1160*p + 24790. Give j(-21).
-11
Let a(j) = -j**2 - 59*j + 1479. Give a(19).
-3
Let i(m) = 57*m - 223. What is i(3)?
-52
Let a(z) = -4*z**2 - 32*z + 130. Give a(4).
-62
Let a(q) = 2*q**3 + 38*q - 79. Determine a(0).
-79
Let h(j) = j**2 + 14*j + 46. Determine h(-14).
46
Let v(i) = -i**3 - 40*i**2 - 4*i - 89. Give v(-40).
71
Let b(v) = -13*v**3 + 91*v**2 - 9*v + 61. What is b(7)?
-2
Let b(a) = a**3 + 46*a**2 + 127*a - 68. Give b(-43).
18
Let z(s) = s**3 + 106*s**2 + 102*s - 363. Give z(-105).
-48
Let r(k) = -k**3 - 18*k**2 + 18*k - 14. What is r(-19)?
5
Let a(s) = -100*s - 2685. What is a(-27)?
15
Let t(z) = -33*z + 359. Give t(12).
-37
Let d(r) = r**2 + 102*r - 975. Give d(8).
-95
Let l(u) = 8*u**2 - 277*u - 64. Determine l(35).
41
Let a(z) = 126*z - 537. Determine a(4).
-33
Let j(o) = o**2 + 6*o - 497. Give j(-28).
119
Let n(k) = 126*k - 12850. Determine n(102).
2
Let p(x) = -x**3 + 21*x**2 + 197*x - 21. Determine p(28).
7
Let k(y) = -525*y + 3729. Give k(7).
54
Let p(x) = -3*x**2 - 551*x - 17849. Determine p(-42).
1
Let h(c) = 10961*c + 65773. What is h(-6)?
7
Let o(r) = -5*r**2 - 19*r + 20. Calculate o(1).
-4
Let i(v) = 4*v + 432. Give i(-102).
24
Let y(a) = -a**3 - 36*a**2 - 215*a + 274. What is y(-28)?
22
Let y(v) = 2*v**2 + 369*v - 1504. Determine y(4).
4
Let j(f) = -f**2 - 11*f - 35. What is j(-8)?
-11
Let s(h) = 76*h - 114. What is s(5)?
266
Let f(s) = s**2 - 3*s - 69466. What is f(265)?
-36
Let b(x) = -461*x - 5528. Give b(-12).
4
Let x(v) = v**2 + 467*v + 15531. Calculate x(-36).
15
Let n(a) = a**2 + 163*a + 6581. Calculate n(-74).
-5
Let o(y) = -3*y**2 - 61*y + 276. Give o(-24).
12
Let i(f) = -f**3 + 19*f**2 - 89*f + 9. Calculate i(11).
-2
Let t(i) = 6*i**3 - 9*i**2 - 12*i + 47. Determine t(5).
512
Let n(m) = -28*m**2 + 326*m + 9. Calculate n(8).
825
Let a(i) = 2*i**3 - 14*i**2 + 31*i - 114. What is a(6)?
0
Let i(z) = 88*z + 4081. Give i(-46).
33
Let m(o) = 6*o**3 - 2*o**2 + 4*o - 7. Determine m(-3).
-199
Let u(w) = w**3 + 11*w**2 + 234*w + 3873. Give u(-14).
9
Let o(g) = 2*g - 13. Give o(17).
21
Let d(j) = -16*j**2 + 21*j - 6. Determine d(3).
-87
Let h(b) = 295*b + 2070. Calculate h(-7).
5
Let r(v) = 156*v + 44. Determine r(3).
512
Let o(i) = i**2 + 34*i - 3940. Give o(-82).
-4
Let l(q) = -q**3 + 16*q**2 + 3*q - 505. What is l(-5)?
5
Let t(n) = -7*n**2 - 22*n + 3. What is t(-8)?
-269
Let q(b) = -b**2 - 2*b - 39. Determine q(5).
-74
Let t(g) = 2*g**2 - 150*g - 1097. Calculate t(81).
-125
Let s(q) = -62*q + 4218. Calculate s(65).
188
Let v(m) = -32*m - 28. Determine v(0).
-28
Let o(k) = k**2 - 186*k + 1415. Determine o(8).
-9
Let v(h) = -h**3 + 15*h**2 + 35*h + 34. Determine v(17).
51
Let y(z) = -39*z + 1394. What is y(51)?
-595
Let k(p) = 2*p**3 + p**2 - 22*p + 21. Calculate k(1).
2
Let k(j) = 70*j + 345. What is k(-10)?
-355
Let h(s) = 6*s**2 - 259*s - 9. What is h(43)?
-52
Let x(b) = 138*b**2 + 2900*b + 40. Determine x(-21).
-2
Let h(a) = -9*a**2 - 223*a + 50. What is h(-25)?
0
Let j(o) = 2*o**2 - 14*o + 55. Calculate j(12).
175
Let w(z) = 13*z + 279. Give w(-27).
-72
Let o(l) = 193*l + 377. Determine o(-2).
-9
Let c(j) = -33*j - 584. Give c(-24).
208
Let l(q) = 413*q + 5794. Determine l(-14).
12
Let l(y) = 3*y**2 - 42*y + 67. Calculate l(16).
163
Let g(m) = -m**3 - 85*m**2 - 318*m + 504. What is g(-81)?
18
Let a(w) = -w**2 - 22*w - 189. Calculate a(-11).
-68
Let x(p) = -3*p**3 + 45*p**2 + 5*p - 46. Determine x(15).
29
Let v(b) = -228*b - 1748. Calculate v(-8).
76
Let t(v) = v**3 - 22*v**2 + 4*v - 129. Calculate t(22).
-41
Let l(w) = w**3 + 36*w**2 + 5*w - 2143. What is l(-34)?
-1
Let l(v) = v**2 + 32*v - 1653. What is l(-60)?
27
Let y(n) = 24*n - 51. Give y(4).
45
Let b(p) = 3*p**2 + 81*p + 404. Give b(-21).
26
Let k(n) = 219*n**2 - 427*n - 1. Determine k(2).
21
Let w(t) = -39*t - 802. What is w(-45)?
953
Let y(j) = 2*j**2 - 597*j - 8102. Calculate y(-13).
-3
Let h(z) = -301*z - 1315. Calculate h(-4).
-111
Let c(k) = -2346*k - 14078. Determine c(-6).
-2
Let g(m) = -5*m**3 + 146*m**2 - 16*m - 375. Give g(29).
2
Let m(n) = 5*n**2 + 13*n - 157. Determine m(6).
101
Let z(a) = 38*a**2 + 3074*a - 348. Determine z(-81).
-24
Let i(b) = -5*b**2 - 21*b + 82. Determine i(4).
-82
Let g(f) = -2*f**3 - 68*f**2 - 4*f - 119. Give g(-34).
17
Let h(j) = -1994*j + 35906. Determine h(18).
14
Let o(l) = 40*l - 66. Determine o(1).
-26
Let z(y) = 10*y + 39. What is z(8)?
119
Let f(m) = -m**3 + 16*m**2 - 35*m + 48. Determine f(12).
204
Let q(h) = -h**3 - 28*h**2 - 127*h + 7. Give q(-6).
-23
Let b(n) = -n**3 + 18*n**2 - 76*n + 139. What is b(13)?
-4
Let o(x) = -8*x + 51. What is o(0)?
51
Let h(j) = -204*j - 18339. Give h(-90).
21
Let n(w) = w**3 + 12*w**2 - 21*w. Calculate n(-12).
252
Let n(g) = -359*g + 5285. Determine n(15).
-100
Let i(u) = -104*u - 1212. Determine i(-12).
36
Let s(p) = 2*p**3 + 31*p**2 + 19*p + 34. Calculate s(-15).
-26
Let f(x) = 271*x + 7355. Determine f(-27).
38
Let p(y) = -6*y + 202. Determine p(34).
-2
Let s(f) = f**2 + 65*f - 931. Give s(12).
-7
Let b(v) = v**2 + 43*v - 36981. Determine b(-215).
-1
Let r(h) = h**2 - 68*h + 2. Determine r(63).
-313
Let v(r) = -11*r**3 + 4*r**2 + 9*r - 1. Calculate v(-2).
85
Let h(n) = n**3 - 15*n**2 + 54*n - 7. Give h(12).
209
Let p(s) = s**3 + 6*s**2 - 18*s + 4. What is p(-8)?
20
Let q(c) = 3*c**3 - 735*c**2 - 736*c. Give q(-1).
-2
Let p(t) = 209*t + 12561. Calculate p(-60).
21
Let l(g) = -4*g**2 - 59*g + 412. Give l(-20).
-8
Let w(u) = 3*u**3 + 67*u**2 + 23*u + 34. Calculate w(-22).
12
Let z(a) = 6809*a - 47681. Determine z(7).
-18
Let a(n) = 112*n + 4939. Determine a(-44).
11
Let j(x) = -29*x**2 + 499*x - 88. Give j(17).
14
Let x(o) = 757*o + 3030. Give x(-4).
2
Let w(s) = 10*s**2 + 40*s - 76. What is w(2)?
44
Let p(h) = 11456*h + 4. Calculate p(0).
4
Let c(l) = 523*l - 2568. Determine c(5).
47
Let l(z) = 6*z**2 + 27*z + 38. Calculate l(-3).
11
Let b(n) = -n**3 - 14*n**2 + 22*n + 41. Determine b(-15).
-64
Let x(p) = 130*p**2 + 113*p - 9. Calculate x(-1).
8
Let k(i) = -2*i**3 + 4*i**2 + 9*i - 20. What is k(3)?
-11
Let d(b) = 5*b**3 - 8*b**2 - 81*b + 514. Calculate d(6).
820
Let m(o) = o**2 + 9683*o - 58134. Give m(6).
0
Let m(h) = h**2 + 34*h + 242. Give m(-25).
17
Let a(t) = -7*t**2 - 38*t - 81. Calculate a(-8).
-225
Let z(r) = -3*r**3 - r**2 - 37*r + 37. What is z(1)?
-4
Let h(o) = -o**3 - 45*o**2 + 107*o + 211. Determine h(-47).
-400
Let l(y) = -18*y + 1128. What is l(62)?
12
Let g(h) = -2*h**3 - 9*h**2 + 7*h - 60. Calculate g(-6).
6
Let o(m) = -3*m**2 - 192*m - 7. Give o(0).
-7
Let a(r) = -148*r - 46610. Calculate a(-315).
10
Let z(l) = -l**2 - 8*l + 5. Calculate z(-6).
17
Let z(v) = -v**3 + 9*v**2 - 21*v - 8. Calculate z(9).
-197
Let v(g) = 412*g - 9938. Determine v(24).
-50
Let l(t) = t**3 + 24*t**2 + 58*t + 240. Give l(-22).
-68
Let q(o) = 129*o + 1042. Determine q(-8).
10
Let h(j) = -4635*j - 180755. What is h(-39)?
10
Let u(h) = 2*h - 72. Give u(31).
-10
Let i(t) = -t**2 - 14*t + 95. Determine i(5).
0
Let k(g) = 2*g**2 - 45*g - 503. What is k(26)?
-321
Let l(m) = -5*m**2 + 155*m + 15. Calculate l(31).
15
Let p(u) = -u**2 - 123*u - 3790. Calculate p(-59).
-14
Let v(f) = -2*f**2 - 117*f - 51. What is v(-59)?
-110
Let o(s) = -24*s**2 - s. What is o(1)?
-25
Let r(l) = -82*l + 1072. Determine r(14).
-76
Let g(a) = a**2 + 233*a + 1317. What is g(-6)?
-45
Let k(u) = 3*u**3 - 8*u**2 + 52*u + 54. What is k(-1)?
-9
Let d(g) = 762*g + 3803. Determine d(-5).
-7
Let d(u) = 2*u**3 + 11*u**2 + 53*u + 235. Calculate d(-5).
-5
Let z(p) = 32*p**2 + 263*p + 4. What is z(-7)?
-269
Let g(a) = -47*a**3 + 2*a**2 - 17*a + 16. Give g(1).
-46
Let q(m) = -3216*m + 12863. Calculate q(4).
-1
Let n(w) = 1645*w + 11549. Calculate n(-7).
34
Let y(n) = 208*n + 3799. What is y(-18)?
55
Let s(t) = -15*t + 488. What is s(19)?
203
Let y(h) = -1058*h + 231707. Give y(219)